 what is 1 - 332221?
-332220
In base 4, what is 33332100 - 100?
33332000
In base 7, what is -211 - 35510?
-36021
In base 10, what is -3334 + 2?
-3332
In base 15, what is 205a80 + 5?
205a85
In base 14, what is 12a71 - -3?
12a74
In base 7, what is 32 - 1231?
-1166
In base 4, what is 1 + 1201322?
1201323
In base 8, what is 14077 - -11?
14110
In base 2, what is -11011111000110 - -100?
-11011111000010
In base 8, what is -6320 + 20?
-6300
In base 2, what is -1110000110 + -100101011?
-10010110001
In base 8, what is 5 + -171701?
-171674
In base 7, what is -15 - 400353?
-400401
In base 13, what is 66 - -6961?
69c7
In base 10, what is 13525 - 2?
13523
In base 5, what is -1134034 - 0?
-1134034
In base 12, what is -26562 + -4?
-26566
In base 12, what is 76b961 - -1?
76b962
In base 12, what is 60048 - 5?
60043
In base 5, what is 3 - 44430?
-44422
In base 4, what is 110 - 1133001?
-1132231
In base 8, what is 506 - -1273?
2001
In base 9, what is 1260 + 4?
1264
In base 15, what is 191 + 1759?
18ea
In base 8, what is -2742703 - -2?
-2742701
In base 3, what is -11110 + 1100220?
1012110
In base 16, what is 7f8 - -34a?
b42
In base 14, what is -8 - -1a176?
1a16c
In base 9, what is -137 + 3045?
2807
In base 13, what is -a655c + -1?
-a6560
In base 11, what is -1 - -27379?
27378
In base 14, what is -1c6 + 7d?
-147
In base 3, what is -10002 + 10120122?
10110120
In base 8, what is -473130 - -1?
-473127
In base 9, what is 3675 + 1?
3676
In base 16, what is 8c0 - 60?
860
In base 6, what is 12 - 244103?
-244051
In base 11, what is 816 + a73?
1789
In base 15, what is -4 - 34a7?
-34ab
In base 4, what is -101121312 - 1?
-101121313
In base 11, what is -3 - 377736?
-377739
In base 3, what is -20 + -121220210?
-121221000
In base 8, what is 15 + 26124?
26141
In base 15, what is -4 + 8112?
810d
In base 14, what is 1987d + 3?
19882
In base 15, what is 3e + -173?
-134
In base 8, what is 24421 - -1034?
25455
In base 7, what is -265 - -50260?
46662
In base 16, what is 26758 + -1?
26757
In base 12, what is -415 + bb6?
7a1
In base 14, what is b - -82a?
837
In base 5, what is 3 - 330124?
-330121
In base 7, what is 4 + -11535?
-11531
In base 13, what is b85 + -130?
a55
In base 5, what is -132121 + 2301?
-124320
In base 6, what is 130 + 404?
534
In base 14, what is -24 + 2467?
2443
In base 6, what is 25 + 10522?
10551
In base 2, what is -101 - 101011000001?
-101011000110
In base 12, what is 3448 + 3?
344b
In base 14, what is -1506 - 27?
-152d
In base 7, what is 0 - -451061?
451061
In base 6, what is 113 + 21031?
21144
In base 10, what is 49518 - 4?
49514
In base 8, what is -125 - -5544?
5417
In base 11, what is 417 - 44?
383
In base 9, what is 8 - -6483?
6502
In base 12, what is -15 + -5084?
-5099
In base 11, what is -2 + -218200?
-218202
In base 10, what is 6 - -462?
468
In base 3, what is -121112111012 + -112?
-121112111201
In base 16, what is -18 + 373?
35b
In base 15, what is -312ba + -4?
-312be
In base 2, what is 0 + -11001111111100111?
-11001111111100111
In base 3, what is 20120210002 - 12?
20120202220
In base 14, what is 136 + 1c79?
1db1
In base 6, what is 33321 + 12?
33333
In base 7, what is -36532 + -45?
-36610
In base 4, what is -32 + 113211?
113113
In base 12, what is -13 + -28b1?
-2904
In base 14, what is 795076 + 1?
795077
In base 10, what is 51 - -311?
362
In base 14, what is -275 - 366?
-5db
In base 9, what is -412 + 22?
-380
In base 2, what is 1001011000001 - -1?
1001011000010
In base 8, what is -45 - -5405?
5340
In base 11, what is -1 + 2a0917?
2a0916
In base 5, what is 302223304 + 3?
302223312
In base 10, what is -7007 - 28?
-7035
In base 8, what is 35 + -2253?
-2216
In base 14, what is -4 + -51d1?
-51d5
In base 9, what is 16631488 + -4?
16631484
In base 10, what is -1 + 3875?
3874
In base 13, what is 374aa8 - 4?
374aa4
In base 16, what is 2c + 711?
73d
In base 2, what is -100 - 10010001101101?
-10010001110001
In base 8, what is 46371 + -5?
46364
In base 14, what is -19a0 - -12?
-198c
In base 8, what is 5 - -45330?
45335
In base 5, what is 4000 + -132?
3313
In base 9, what is -226233 - -4?
-226228
In base 5, what is -10 - -1041334?
1041324
In base 9, what is 12877 - 6?
12871
In base 3, what is 110 + 122200221?
122201101
In base 15, what is -1b - 33578?
-33594
In base 8, what is -3553163 + -1?
-3553164
In base 14, what is -40934 - -5?
-4092d
In base 15, what is -1e - -c40e?
c3e0
In base 11, what is -277a58 + -2?
-277a5a
In base 12, what is -b + -11a?
-129
In base 5, what is -10 + -224302?
-224312
In base 15, what is 3a1 - 472?
-c1
In base 6, what is -2252515 - -10?
-2252505
In base 3, what is 10112012 + -11112?
10100200
In base 15, what is -1ee + -11b8?
-13b7
In base 5, what is 432221 - 130?
432041
In base 4, what is 11 - -10000033?
10000110
In base 8, what is -45 + 61?
14
In base 12, what is -1 - 15663?
-15664
In base 10, what is -22 + 9195?
9173
In base 9, what is -1055 + 4575?
3520
In base 16, what is -4fcaa - 4?
-4fcae
In base 8, what is 56 - 530?
-452
In base 5, what is 100443 + -404?
100034
In base 14, what is 5a1a + -2?
5a18
In base 3, what is 102020100020111 - 11?
102020100020100
In base 16, what is 2dbae + 2?
2dbb0
In base 16, what is 4 + -279b?
-2797
In base 4, what is -1333 - -1031230?
1023231
In base 7, what is -42260 - 4?
-42264
In base 6, what is 4354235 - -5?
4354244
In base 13, what is -379 + 399?
20
In base 7, what is -4 - -16513546?
16513542
In base 6, what is -323 + 4511?
4144
In base 3, what is 20 + 101210110?
101210200
In base 3, what is -200 + 202101?
201201
In base 8, what is -27 + -10052?
-10101
In base 12, what is -6 + -1076?
-1080
In base 8, what is -100 + 175?
75
In base 12, what is -1843 + -8?
-184b
In base 4, what is 12 + 20200320?
20200332
In base 13, what is -103 + 951?
84b
In base 7, what is 2 + -3265036?
-3265034
In base 7, what is -341641 + 0?
-341641
In base 16, what is -17 - 1e2?
-1f9
In base 11, what is 0 + 39197?
39197
In base 13, what is 5674 - -15?
5689
In base 6, what is 10 + 215?
225
In base 9, what is 0 - 52685?
-52685
In base 7, what is -23024665 + 3?
-23024662
In base 4, what is 1212122 + 123?
1212311
In base 12, what is 2269 - 2?
2267
In base 3, what is -101021 + -222011?
-1100102
In base 16, what is -11 - 12052?
-12063
In base 7, what is -463253 + 13?
-463240
In base 11, what is 252aa8 - 1?
252aa7
In base 10, what is -1 + -6148?
-6149
In base 11, what is -5 + -1920?
-1925
In base 7, what is -36335 + 3?
-36332
In base 12, what is -1155 - 7a?
-1213
In base 3, what is -10201102 + -120?
-10201222
In base 13, what is 5 - 9b84c?
-9b847
In base 10, what is 3 + -244829?
-244826
In base 16, what is e0b1 + 7?
e0b8
In base 9, what is 126 - -32?
158
In base 13, what is 5 + -3991c?
-39917
In base 4, what is -10021 + 20?
-10001
In base 3, what is -22220211 + -12?
-22221000
In base 10, what is 1 - 234013?
-234012
In base 16, what is 1a8 - 4f?
159
In base 4, what is 11 - -220221332?
220222003
In base 6, what is 1135 - 214?
521
In base 8, what is -126772 + 2?
-126770
In base 15, what is -3 - 980d3?
-980d6
In base 5, what is -3103 + 2031?
-1022
In base 2, what is 1111111 - 1001100001101?
-1001010001110
In base 15, what is -1 - 115c7?
-115c8
In base 16, what is 1 + -63885?
-63884
In base 10, what is 237342 - 5?
237337
In base 7, what is 4 + -205653?
-205646
In base 2, what is 1110010 + -100101?
1001101
In base 12, what is ba7 + 0?
ba7
In base 2, what is -10101010100000 - 1011001?
-10101011111001
In base 4, what is 12 - 220302?
-220230
In base 16, what is -3 - 31a?
-31d
In base 15, what is 1 + 1d22b?
1d22c
In base 10, what is 1 + 19162?
19163
In base 4, what is -111020112 - -23?
-111020023
In base 10, what is -22606 + 3?
-22603
In base 13, what is b + 3459?
3467
In base 11, what is 42 + -351?
-30a
In base 7, what is 101 + -50300?
-50166
In base 2, what is -111011111000010111 - -10?
-111011111000010101
In base 14, what is bc6 - -250?
1036
In base 14, what is -4 + -54046?
-5404a
In base 7, what is -2546 - 23?
-2602
In base 6, what is -341 + -2302?
-3043
In base 13, what is -5 + -4a700?
-4a705
In base 8, what is -2 - 4666?
-4670
In base 9, what is 0 + 63364?
63364
In base 2, what is 1100100010001100 - 11011?
1100100001110001
In base 8, what is -67 - 760?
-1047
In base 16, what is -16e - -18a?
1c
In base 16, what is 182 + 36b6?
3838
In base 14,